{"id":16,"date":"2024-12-08T00:49:11","date_gmt":"2024-12-08T00:49:11","guid":{"rendered":"https:\/\/oliveiradosbrejinhos.com.br\/cetit\/front_page\/"},"modified":"2025-06-22T20:24:39","modified_gmt":"2025-06-22T20:24:39","slug":"front_page","status":"publish","type":"page","link":"https:\/\/oliveiradosbrejinhos.com.br\/cetit\/","title":{"rendered":"Home"},"content":{"rendered":"<section class=\"zoom-social-icons-shortcode\">\n\t\t\n<ul class=\"zoom-social-icons-list zoom-social-icons-list--with-canvas zoom-social-icons-list--round zoom-social-icons-list--no-labels\">\n\n\t\t\n\t\t\t\t<li class=\"zoom-social_icons-list__item\">\n\t\t<a class=\"zoom-social_icons-list__link\" href=\"https:\/\/www.facebook.com\/carlos.dourado.1610092\" target=\"_blank\" title=\"Facebook\" >\n\t\t\t\t\t\t\t\t\t\n\t\t\t\t\t\t<span class=\"screen-reader-text\">facebook<\/span>\n\t\t\t\n\t\t\t\t\t\t<span class=\"zoom-social_icons-list-span social-icon socicon socicon-facebook\" data-hover-rule=\"background-color\" data-hover-color=\"#0866FF\" style=\"background-color : #0866FF; font-size: 18px; padding:8px\" ><\/span>\n\t\t\t\n\t\t\t\t\t<\/a>\n\t<\/li>\n\n\t\n\t\t\t\t<li class=\"zoom-social_icons-list__item\">\n\t\t<a class=\"zoom-social_icons-list__link\" href=\"https:\/\/x.com\/brejinhosnet\" target=\"_blank\" title=\"X\" >\n\t\t\t\t\t\t\t\t\t\n\t\t\t\t\t\t<span class=\"screen-reader-text\">x<\/span>\n\t\t\t\n\t\t\t\t\t\t<span class=\"zoom-social_icons-list-span social-icon socicon socicon-x\" data-hover-rule=\"background-color\" data-hover-color=\"#000\" style=\"background-color : #000; font-size: 18px; padding:8px\" ><\/span>\n\t\t\t\n\t\t\t\t\t<\/a>\n\t<\/li>\n\n\t\n\t\t\t\t<li class=\"zoom-social_icons-list__item\">\n\t\t<a class=\"zoom-social_icons-list__link\" href=\"https:\/\/www.instagram.com\/cetitoficialob\/\" target=\"_blank\" title=\"Instagram\" >\n\t\t\t\t\t\t\t\t\t\n\t\t\t\t\t\t<span class=\"screen-reader-text\">instagram<\/span>\n\t\t\t\n\t\t\t\t\t\t<span class=\"zoom-social_icons-list-span social-icon socicon socicon-instagram\" data-hover-rule=\"background-color\" data-hover-color=\"#e4405f\" style=\"background-color : #e4405f; font-size: 18px; padding:8px\" ><\/span>\n\t\t\t\n\t\t\t\t\t<\/a>\n\t<\/li>\n\n\t\n\t\t\t\t<li class=\"zoom-social_icons-list__item\">\n\t\t<a class=\"zoom-social_icons-list__link\" href=\"https:\/\/www.youtube.com\/@ingazeiratech2553\/videos\" target=\"_blank\" title=\"YouTube\" >\n\t\t\t\t\t\t\t\t\t\n\t\t\t\t\t\t<span class=\"screen-reader-text\">youtube<\/span>\n\t\t\t\n\t\t\t\t\t\t<span class=\"zoom-social_icons-list-span social-icon socicon socicon-youtube\" data-hover-rule=\"background-color\" data-hover-color=\"#e02a20\" style=\"background-color : #e02a20; font-size: 18px; padding:8px\" ><\/span>\n\t\t\t\n\t\t\t\t\t<\/a>\n\t<\/li>\n\n\t\n<\/ul>\n\n\t\t<\/section>\n<hr>\n<p>Esta \u00e9 a p\u00e1gina do&nbsp;<b>Col\u00e9gio Estadual de Tempo Integral Tiradentes<\/b>, de Oliveira dos Brejinhos (BA).<br \/>\nEndere\u00e7o:&nbsp;<b>Av. Eng\u00ba Ant\u00f4nio Leite do Vale, s\/n \u2013 Centro.<br \/>\n<\/b>CEP:&nbsp;<b>47530-000&nbsp;<\/b>\u2013 Fones:&nbsp;<b>(77) 3642-2265<\/b><br \/>\nE-mail:&nbsp;<b><a href=\"mailto:colegiotiradentesob@gmail.com\">colegiotiradentesob@gmail.com<\/a><br \/>\n<\/b>E-mail oficial: cet.oliveiradosbrejinhos@educacao.ba.gov.br<br \/>\nC\u00f3digo&nbsp;<strong>INEP:<\/strong>&nbsp;29.210.399<br \/>\nC\u00f3digo&nbsp;<strong>SEC:<\/strong>&nbsp;11.27855<\/p>\n<p><b>Miss\u00e3o<\/b>: Formar cidad\u00e3os capazes de exercer sua cidadania de forma plena e efetiva.<br \/>\n<strong>Gestores:<\/strong><\/p>\n<ul>\n<li><b>Luciano Lunardi<\/b> \u2013 Diretor<\/li>\n<li><strong>Rosemeire Nogueira<\/strong>&nbsp;\u2013 Vice-diretor<\/li>\n<li><strong>Rom\u00e1rio Jorge <\/strong>\u2013 Coordenador Pedag\u00f3gico<\/li>\n<li><strong>Carla Nascimento<\/strong> &#8211; Coordenadora Pedag\u00f3gica<\/li>\n<\/ul>\n<p><strong>Secret\u00e1ria:<\/strong><\/p>\n<ul>\n<li><strong>Prof\u00aa Frances Maltildes do Bomfim Soares<\/strong><\/li>\n<\/ul>\n<p><strong>T\u00e9cnicos Administrativos:<\/strong><\/p>\n<ul>\n<li><strong>Anderson Brito<\/strong><\/li>\n<li><strong>Dalva Pereira<\/strong><\/li>\n<li><strong>Roberto Carlos J\u00fanior<\/strong><\/li>\n<\/ul>\n<p>\u201cN\u00e3o se pode ensinar nada a um homem. Pode-se apenas ajud\u00e1-lo a encontrar a resposta dentro dele mesmo.\u201d<br \/>\n(Galileu Galieli, cientista italiano)<\/p>\n<p>Idealizado por:&nbsp;<b>Carlos Dourado<\/b><\/p>\n<hr>\n<p style=\"text-align: center;\"><iframe loading=\"lazy\" style=\"border: 0;\" src=\"https:\/\/www.google.com\/maps\/embed?pb=!1m14!1m12!1m3!1d4903.8199918208975!2d-42.887163412082934!3d-12.318659867099688!2m3!1f0!2f0!3f0!3m2!1i1024!2i768!4f13.1!5e1!3m2!1spt-BR!2sbr!4v1734309423696!5m2!1spt-BR!2sbr\" width=\"600\" height=\"450\" allowfullscreen=\"allowfullscreen\"><\/iframe><\/p>\n<p style=\"text-align: center;\"><strong>\u2192&nbsp;<a href=\"https:\/\/www.msn.com\/pt-br\/clima\/previsaomensal\/in-Oliveira-dos-Brejinhos,Bahia?loc=eyJsIjoiT2xpdmVpcmEgZG9zIEJyZWppbmhvcyIsInIiOiJCYWhpYSIsImMiOiJCcmFzaWwiLCJpIjoiQlIiLCJnIjoicHQtYnIiLCJ4IjoiLTQyLjg1NTc5Mjk5OTI2NzU4IiwieSI6Ii0xMi4zMTc5MTg3Nzc0NjU4MiJ9&amp;weadegreetype=C\" target=\"_blank\" rel=\"noopener\">Previs\u00e3o do Tempo para o munic\u00edpio de Oliveira dos Brejinhos (BA)<\/a><\/strong>&nbsp;<\/p>\n<hr>\n<table style=\"width: 100%; border-collapse: collapse; border-style: groove;\" border=\"2\">\n<tbody>\n<tr>\n<td style=\"width: 100%; text-align: center;\"><strong><span style=\"font-size: 10pt; font-family: arial, helvetica, sans-serif; color: #000000;\">AV. ENG\u00ba ANT\u00d4NIO LEITE DO VALE, SN &#8211; CENTRO &#8211; OLIVEIRA DOS BREJINHOS (BA)<\/span><\/strong><br \/>\n<span style=\"font-family: arial, helvetica, sans-serif; font-size: 10pt; color: #000000;\">CEP: 47530-000 &#8211; FONE: (77)3642-2265<\/span><br \/>\n<span style=\"font-family: arial, helvetica, sans-serif; font-size: 10pt; color: #000000;\">E-mail: cet.oliveiradosbrejinhos@educacao.ba.gov.br &#8211; colegiotiradentesob@gmail.com<\/span><span style=\"font-family: arial, helvetica, sans-serif; font-size: 10pt; color: #000000;\">Site: oliveiradosbrejinhos.com.br\/cetit &#8211; C\u00f3digo INEP: 29210399 &#8211; C\u00f3digo SEC: 1127855<\/span><\/td>\n<\/tr>\n<\/tbody>\n<\/table>\n","protected":false},"excerpt":{"rendered":"<p>Esta \u00e9 a p\u00e1gina do&nbsp;Col\u00e9gio Estadual de Tempo Integral Tiradentes, de Oliveira dos Brejinhos (BA). Endere\u00e7o:&nbsp;Av. Eng\u00ba Ant\u00f4nio Leite do Vale, s\/n \u2013 Centro. CEP:&nbsp;47530-000&nbsp;\u2013 Fones:&nbsp;(77) 3642-2265 E-mail:&nbsp;colegiotiradentesob@gmail.com E-mail oficial: cet.oliveiradosbrejinhos@educacao.ba.gov.br C\u00f3digo&nbsp;INEP:&nbsp;29.210.399 C\u00f3digo&nbsp;SEC:&nbsp;11.27855 Miss\u00e3o: Formar cidad\u00e3os capazes de exercer sua <a href=\"https:\/\/oliveiradosbrejinhos.com.br\/cetit\/\" class=\"read-more\">Leia mais &#8230;<\/a><\/p>\n","protected":false},"author":1,"featured_media":233,"parent":0,"menu_order":0,"comment_status":"closed","ping_status":"closed","template":"","meta":{"ngg_post_thumbnail":0,"footnotes":""},"categories":[22],"class_list":["post-16","page","type-page","status-publish","has-post-thumbnail","hentry","category-institucional"],"_links":{"self":[{"href":"https:\/\/oliveiradosbrejinhos.com.br\/cetit\/wp-json\/wp\/v2\/pages\/16","targetHints":{"allow":["GET"]}}],"collection":[{"href":"https:\/\/oliveiradosbrejinhos.com.br\/cetit\/wp-json\/wp\/v2\/pages"}],"about":[{"href":"https:\/\/oliveiradosbrejinhos.com.br\/cetit\/wp-json\/wp\/v2\/types\/page"}],"author":[{"embeddable":true,"href":"https:\/\/oliveiradosbrejinhos.com.br\/cetit\/wp-json\/wp\/v2\/users\/1"}],"replies":[{"embeddable":true,"href":"https:\/\/oliveiradosbrejinhos.com.br\/cetit\/wp-json\/wp\/v2\/comments?post=16"}],"version-history":[{"count":14,"href":"https:\/\/oliveiradosbrejinhos.com.br\/cetit\/wp-json\/wp\/v2\/pages\/16\/revisions"}],"predecessor-version":[{"id":567,"href":"https:\/\/oliveiradosbrejinhos.com.br\/cetit\/wp-json\/wp\/v2\/pages\/16\/revisions\/567"}],"wp:featuredmedia":[{"embeddable":true,"href":"https:\/\/oliveiradosbrejinhos.com.br\/cetit\/wp-json\/wp\/v2\/media\/233"}],"wp:attachment":[{"href":"https:\/\/oliveiradosbrejinhos.com.br\/cetit\/wp-json\/wp\/v2\/media?parent=16"}],"wp:term":[{"taxonomy":"category","embeddable":true,"href":"https:\/\/oliveiradosbrejinhos.com.br\/cetit\/wp-json\/wp\/v2\/categories?post=16"}],"curies":[{"name":"wp","href":"https:\/\/api.w.org\/{rel}","templated":true}]}}