{"id":349,"date":"2024-12-16T18:11:58","date_gmt":"2024-12-16T18:11:58","guid":{"rendered":"https:\/\/oliveiradosbrejinhos.com.br\/cetit\/?page_id=349"},"modified":"2025-06-03T12:11:46","modified_gmt":"2025-06-03T12:11:46","slug":"esclarecimento","status":"publish","type":"page","link":"https:\/\/oliveiradosbrejinhos.com.br\/cetit\/esclarecimento\/","title":{"rendered":"Esclarecimento"},"content":{"rendered":"<p><span style=\"font-family: arial, helvetica, sans-serif; font-size: 14pt;\"><span style=\"font-size: 12pt;\"><section class=\"zoom-social-icons-shortcode\">\n\t\t\n<ul class=\"zoom-social-icons-list zoom-social-icons-list--with-canvas zoom-social-icons-list--round zoom-social-icons-list--no-labels\">\n\n\t\t\n\t\t\t\t<li class=\"zoom-social_icons-list__item\">\n\t\t<a class=\"zoom-social_icons-list__link\" href=\"https:\/\/www.facebook.com\/carlos.dourado.1610092\" target=\"_blank\" title=\"Facebook\" >\n\t\t\t\t\t\t\t\t\t\n\t\t\t\t\t\t<span class=\"screen-reader-text\">facebook<\/span>\n\t\t\t\n\t\t\t\t\t\t<span class=\"zoom-social_icons-list-span social-icon socicon socicon-facebook\" data-hover-rule=\"background-color\" data-hover-color=\"#0866FF\" style=\"background-color : #0866FF; font-size: 18px; padding:8px\" ><\/span>\n\t\t\t\n\t\t\t\t\t<\/a>\n\t<\/li>\n\n\t\n\t\t\t\t<li class=\"zoom-social_icons-list__item\">\n\t\t<a class=\"zoom-social_icons-list__link\" href=\"https:\/\/x.com\/brejinhosnet\" target=\"_blank\" title=\"X\" >\n\t\t\t\t\t\t\t\t\t\n\t\t\t\t\t\t<span class=\"screen-reader-text\">x<\/span>\n\t\t\t\n\t\t\t\t\t\t<span class=\"zoom-social_icons-list-span social-icon socicon socicon-x\" data-hover-rule=\"background-color\" data-hover-color=\"#000\" style=\"background-color : #000; font-size: 18px; padding:8px\" ><\/span>\n\t\t\t\n\t\t\t\t\t<\/a>\n\t<\/li>\n\n\t\n\t\t\t\t<li class=\"zoom-social_icons-list__item\">\n\t\t<a class=\"zoom-social_icons-list__link\" href=\"https:\/\/www.instagram.com\/cetitoficialob\/\" target=\"_blank\" title=\"Instagram\" >\n\t\t\t\t\t\t\t\t\t\n\t\t\t\t\t\t<span class=\"screen-reader-text\">instagram<\/span>\n\t\t\t\n\t\t\t\t\t\t<span class=\"zoom-social_icons-list-span social-icon socicon socicon-instagram\" data-hover-rule=\"background-color\" data-hover-color=\"#e4405f\" style=\"background-color : #e4405f; font-size: 18px; padding:8px\" ><\/span>\n\t\t\t\n\t\t\t\t\t<\/a>\n\t<\/li>\n\n\t\n\t\t\t\t<li class=\"zoom-social_icons-list__item\">\n\t\t<a class=\"zoom-social_icons-list__link\" href=\"https:\/\/www.youtube.com\/@ingazeiratech2553\/videos\" target=\"_blank\" title=\"YouTube\" >\n\t\t\t\t\t\t\t\t\t\n\t\t\t\t\t\t<span class=\"screen-reader-text\">youtube<\/span>\n\t\t\t\n\t\t\t\t\t\t<span class=\"zoom-social_icons-list-span social-icon socicon socicon-youtube\" data-hover-rule=\"background-color\" data-hover-color=\"#e02a20\" style=\"background-color : #e02a20; font-size: 18px; padding:8px\" ><\/span>\n\t\t\t\n\t\t\t\t\t<\/a>\n\t<\/li>\n\n\t\n<\/ul>\n\n\t\t<\/section><\/span><\/span><\/p>\n<hr>\n<p><span style=\"font-family: arial, helvetica, sans-serif; font-size: 14pt;\">Aos visitantes desta p\u00e1gina, esclare\u00e7o que esta n\u00e3o se trata de um portal oficial da institui\u00e7\u00e3o <span style=\"color: #000080;\"><strong>CETIT<\/strong><\/span> ou <strong><span style=\"color: #000080;\">SEC Bahia<\/span>.<\/strong> O intento \u00e9 somente fazer registros de forma particular, haja vista serem realizados muitos projetos e iniciativas que, muitas vezes, passam despercebidos aos olhos da comunidade local.<\/span><\/p>\n<p><span style=\"font-family: arial, helvetica, sans-serif; font-size: 14pt;\">Assim, qualquer queixa a respeito de algum conte\u00fado ou mesmo sugest\u00e3o, n\u00e3o se furtem a comunicar o mais r\u00e1pido que puderem para que fa\u00e7amos os ajustes necess\u00e1rios, pois, em nenhum momento houve ou haver\u00e1 a inten\u00e7\u00e3o de prejudicar, antes ao contr\u00e1rio, pretende-se que este seja um espa\u00e7o de compartilhamentos s\u00e9rios e duradouros dos servi\u00e7os prestados pelos profissionais de educa\u00e7\u00e3o desta institui\u00e7\u00e3o, bem como servir de vitrine para nossos adolescentes e jovens, t\u00e3o carentes de afirma\u00e7\u00e3o e novos caminhos.<\/span><\/p>\n<p><span style=\"font-family: arial, helvetica, sans-serif; font-size: 14pt;\">Atenciosamente,<\/span><\/p>\n<p><span style=\"text-decoration: underline; color: #000080;\"><strong><span style=\"font-family: arial, helvetica, sans-serif; font-size: 14pt;\">Professor Carlos Dourado<\/span><\/strong><\/span><\/p>\n","protected":false},"excerpt":{"rendered":"<p>Aos visitantes desta p\u00e1gina, esclare\u00e7o que esta n\u00e3o se trata de um portal oficial da institui\u00e7\u00e3o CETIT ou SEC Bahia. O intento \u00e9 somente fazer registros de forma particular, haja vista serem realizados muitos projetos e iniciativas que, muitas vezes, <a href=\"https:\/\/oliveiradosbrejinhos.com.br\/cetit\/esclarecimento\/\" class=\"read-more\">Leia mais &#8230;<\/a><\/p>\n","protected":false},"author":1,"featured_media":353,"parent":0,"menu_order":0,"comment_status":"closed","ping_status":"closed","template":"","meta":{"ngg_post_thumbnail":0,"footnotes":""},"categories":[22],"class_list":["post-349","page","type-page","status-publish","has-post-thumbnail","hentry","category-institucional"],"_links":{"self":[{"href":"https:\/\/oliveiradosbrejinhos.com.br\/cetit\/wp-json\/wp\/v2\/pages\/349","targetHints":{"allow":["GET"]}}],"collection":[{"href":"https:\/\/oliveiradosbrejinhos.com.br\/cetit\/wp-json\/wp\/v2\/pages"}],"about":[{"href":"https:\/\/oliveiradosbrejinhos.com.br\/cetit\/wp-json\/wp\/v2\/types\/page"}],"author":[{"embeddable":true,"href":"https:\/\/oliveiradosbrejinhos.com.br\/cetit\/wp-json\/wp\/v2\/users\/1"}],"replies":[{"embeddable":true,"href":"https:\/\/oliveiradosbrejinhos.com.br\/cetit\/wp-json\/wp\/v2\/comments?post=349"}],"version-history":[{"count":6,"href":"https:\/\/oliveiradosbrejinhos.com.br\/cetit\/wp-json\/wp\/v2\/pages\/349\/revisions"}],"predecessor-version":[{"id":526,"href":"https:\/\/oliveiradosbrejinhos.com.br\/cetit\/wp-json\/wp\/v2\/pages\/349\/revisions\/526"}],"wp:featuredmedia":[{"embeddable":true,"href":"https:\/\/oliveiradosbrejinhos.com.br\/cetit\/wp-json\/wp\/v2\/media\/353"}],"wp:attachment":[{"href":"https:\/\/oliveiradosbrejinhos.com.br\/cetit\/wp-json\/wp\/v2\/media?parent=349"}],"wp:term":[{"taxonomy":"category","embeddable":true,"href":"https:\/\/oliveiradosbrejinhos.com.br\/cetit\/wp-json\/wp\/v2\/categories?post=349"}],"curies":[{"name":"wp","href":"https:\/\/api.w.org\/{rel}","templated":true}]}}