{"id":375,"date":"2025-02-03T18:11:28","date_gmt":"2025-02-03T18:11:28","guid":{"rendered":"https:\/\/oliveiradosbrejinhos.com.br\/cetit\/?page_id=375"},"modified":"2025-02-15T11:16:56","modified_gmt":"2025-02-15T11:16:56","slug":"jornada-pedagorica-2025","status":"publish","type":"page","link":"https:\/\/oliveiradosbrejinhos.com.br\/cetit\/jornada-pedagorica-2025\/","title":{"rendered":"Jornada Pedag\u00f3rica 2025"},"content":{"rendered":"<p><img loading=\"lazy\" decoding=\"async\" class=\"aligncenter wp-image-379 size-full\" src=\"https:\/\/oliveiradosbrejinhos.com.br\/cetit\/wp-content\/uploads\/2025\/02\/040525_jornada_pedagogica.png\" alt=\"\" width=\"541\" height=\"291\" srcset=\"https:\/\/oliveiradosbrejinhos.com.br\/cetit\/wp-content\/uploads\/2025\/02\/040525_jornada_pedagogica.png 541w, https:\/\/oliveiradosbrejinhos.com.br\/cetit\/wp-content\/uploads\/2025\/02\/040525_jornada_pedagogica-300x161.png 300w, https:\/\/oliveiradosbrejinhos.com.br\/cetit\/wp-content\/uploads\/2025\/02\/040525_jornada_pedagogica-360x194.png 360w\" sizes=\"auto, (max-width: 541px) 100vw, 541px\" \/><\/p>\n<p style=\"text-align: center;\"><span style=\"font-size: 14pt;\"><span style=\"color: #ff0000;\"><strong>\u21d2<\/strong><\/span> <span style=\"color: #008000;\">VISITE NOSSA<\/span> <strong><a href=\"https:\/\/photos.app.goo.gl\/iwhZymLXubV8ASpn7\" target=\"_blank\" rel=\"noopener\">GALERIA DE FOTOS<\/a> <span style=\"color: #ff0000;\">\u21d0 <\/span><\/strong><\/span><\/p>\n<p><span style=\"font-size: 14pt;\">A <a href=\"http:\/\/educacao.ba.gov.br\" target=\"_blank\" rel=\"noopener\"><strong>Secretaria da Educa\u00e7\u00e3o do Estado da Bahia<\/strong><\/a> realiza neste semana, de <strong>03<\/strong> a <strong>07 de fevereiro de 2025<\/strong>, a Jornada Pedag\u00f3gica, como prepara\u00e7\u00e3o para este ano letivo.<\/span><\/p>\n<ul>\n<li><span style=\"font-size: 14pt;\"><a href=\"https:\/\/jornadapedagogica.educacao.ba.gov.br\/\" target=\"_blank\" rel=\"noopener\"><strong>Jornada Pedag\u00f3gica 2025<\/strong><\/a><a href=\"https:\/\/drive.google.com\/file\/d\/1ZtrZbB6OSEorvmW99vH_cgPhQ2cCzJW-\/view\" target=\"_blank\" rel=\"noopener\"><img loading=\"lazy\" decoding=\"async\" class=\"alignright wp-image-458\" title=\"Clique e veja o Calend\u00e1rio Escolar 2025\" src=\"https:\/\/oliveiradosbrejinhos.com.br\/cetit\/wp-content\/uploads\/2025\/02\/010125-calendario-escolar-300x177.jpg\" alt=\"\" width=\"164\" height=\"97\" srcset=\"https:\/\/oliveiradosbrejinhos.com.br\/cetit\/wp-content\/uploads\/2025\/02\/010125-calendario-escolar-300x177.jpg 300w, https:\/\/oliveiradosbrejinhos.com.br\/cetit\/wp-content\/uploads\/2025\/02\/010125-calendario-escolar-360x212.jpg 360w, https:\/\/oliveiradosbrejinhos.com.br\/cetit\/wp-content\/uploads\/2025\/02\/010125-calendario-escolar.jpg 663w\" sizes=\"auto, (max-width: 164px) 100vw, 164px\" \/><\/a><\/span><\/li>\n<li><span style=\"font-size: 14pt;\"><strong><a href=\"https:\/\/drive.google.com\/file\/d\/16hgQ3QRkYKqUtHLlatD1WCUh95bsBpEP\/view\" target=\"_blank\" rel=\"noopener\">Programa\u00e7\u00e3o da Jornada Pedag\u00f3gica<\/a><\/strong><\/span><\/li>\n<li><span style=\"font-size: 14pt;\"><a href=\"https:\/\/institucional.educacao.ba.gov.br\/dirigentes1\" target=\"_blank\" rel=\"noopener\"><strong>SEC: Dirigentes &amp; Perfis<\/strong><\/a><\/span><\/li>\n<\/ul>\n<h4><span style=\"text-decoration: underline; font-size: 14pt;\">03\/02\/2025 &#8211; Primeiro Dia<\/span><\/h4>\n<p><span style=\"font-size: 14pt;\"><strong>In\u00edcio: 08h25<\/strong><\/span><\/p>\n<p><span style=\"font-size: 14pt;\">No <strong>Col\u00e9gio Estadual de Tempo Integral Tiradentes<\/strong>, \u00e0s <strong>8h25,<\/strong> o Professor Gestor <strong>Luciano Lunardi<\/strong> fez a abertura oficial da <strong>JP 2025<\/strong> dando as boas-vindas aos presentes, que na ocasi\u00e3o compreendiam todos os funcion\u00e1rios da institui\u00e7\u00e3o, e em seguida, procedeu a execu\u00e7\u00e3o dos <strong>Hinos Nacional<\/strong> e da <strong>Bahia.<\/strong><\/span><\/p>\n<p><span style=\"font-size: 14pt;\">Na sequ\u00eancia, ocorreu a apresenta\u00e7\u00e3o de v\u00eddeos institucionais, com as palavras da Professora <strong>Rowenna Brito<\/strong>, Secret\u00e1ria da Educa\u00e7\u00e3o do Estado da Bahia, da Professora <strong>Helaine Pereira de Souza<\/strong>, Superintendente de Pol\u00edticas da Educa\u00e7\u00e3o B\u00e1sica da <strong>SEC,<\/strong> de <strong>Maria do Ros\u00e1rio Costa Muricy<\/strong>, Superintendente de Recursos Humanos da Educa\u00e7\u00e3o, cada uma com falas referentes \u00e0s suas \u00e1reas de atua\u00e7\u00e3o e dos planos para este ano de 2025.<\/span><\/p>\n<p><span style=\"font-size: 14pt;\">O tema da <strong>JP<\/strong> deste ano \u00e9:<\/span><\/p>\n<p><span style=\"font-size: 14pt;\"><strong>Educa\u00e7\u00e3o Sustent\u00e1vel, Inovadora e que cuida das aprendizagens<\/strong><\/span><\/p>\n<p><span style=\"font-size: 14pt;\">O Coordenador <strong>Rom\u00e1rio Jorge<\/strong> marcou sua participa\u00e7\u00e3o com uma fala muito positiva, falando dos desafios, mas tamb\u00e9m demonstrando muita disposi\u00e7\u00e3o de realizar os trabalhos com responsabilidade e compromisso, convocando a todos para abra\u00e7arem a causa e tentarem fazer deste ano um ano marcante para a educa\u00e7\u00e3o da <strong>Bahia.<\/strong> Na mesma linha, seguiu a fala da Professora <strong>Rosemeire Nogueira<\/strong>, vice-diretora escola.<\/span><\/p>\n<p><span style=\"font-size: 14pt;\">Ap\u00f3s o caf\u00e9 da manh\u00e3, dividiram-se os presentes em dois grupos &#8211; pessoal de apoio e professores, dando continuidade aos trabalhos. A participa\u00e7\u00e3o durante todo o dia foi muito produtiva, sendo o centro das discuss\u00f5es a <strong>Gest\u00e3o da Aprendizagem<\/strong>, incluindo uma retrospectiva sobre os projetos realizados no ano de <strong>2024,<\/strong> os avan\u00e7os e dificuldades, no intuito de construir o <strong>Projeto Pol\u00edtico-pedag\u00f3gico<\/strong> da escola. A jornada est\u00e1 acontecendo pela primeira vez num espa\u00e7o mais adequado, a nova sede do <strong>CETIT,<\/strong> que, com certeza, facilitar\u00e1 os trabalhos neste ano de 2025.<\/span><\/p>\n<ul>\n<li><strong><a href=\"https:\/\/drive.google.com\/file\/d\/15LjzAjwiVXzuzmKkkc0iAfQCG-OmXUog\/view\" target=\"_blank\" rel=\"noopener\">Documento orientador JP<\/a><\/strong><\/li>\n<li><strong><a href=\"https:\/\/docs.google.com\/document\/d\/1A-KBXo98sQeK6xPyiEuHR1jtiyYJXKmCfeXamAlgqvo\/edit?tab=t.0\" target=\"_blank\" rel=\"noopener\">Instrumento<\/a><\/strong><\/li>\n<li><strong>V\u00eddeo SGINF<\/strong><\/li>\n<li><strong>Manual de Programa\u00e7\u00e3o &#8211; V\u00eddeo SUDEPE<\/strong><\/li>\n<\/ul>\n<p><a href=\"https:\/\/oliveiradosbrejinhos.com.br\/cetit\/wp-content\/uploads\/2025\/02\/030225_jp_programacao1.png\" target=\"_blank\" rel=\"noopener\"><img loading=\"lazy\" decoding=\"async\" class=\"aligncenter wp-image-390\" src=\"https:\/\/oliveiradosbrejinhos.com.br\/cetit\/wp-content\/uploads\/2025\/02\/030225_jp_programacao1.png\" alt=\"\" width=\"700\" height=\"612\" srcset=\"https:\/\/oliveiradosbrejinhos.com.br\/cetit\/wp-content\/uploads\/2025\/02\/030225_jp_programacao1.png 739w, https:\/\/oliveiradosbrejinhos.com.br\/cetit\/wp-content\/uploads\/2025\/02\/030225_jp_programacao1-300x262.png 300w, https:\/\/oliveiradosbrejinhos.com.br\/cetit\/wp-content\/uploads\/2025\/02\/030225_jp_programacao1-309x270.png 309w\" sizes=\"auto, (max-width: 700px) 100vw, 700px\" \/><\/a><\/p>\n<hr>\n<h4><span style=\"text-decoration: underline; font-size: 14pt;\">04\/02\/2025 &#8211; Segundo Dia<\/span><\/h4>\n<p><span style=\"font-size: 14pt;\">In\u00edcio: <strong>08h<\/strong><\/span><\/p>\n<ul>\n<li><span style=\"font-size: 14pt;\">Confer\u00eancia e discuss\u00e3o sobre o tem da <a href=\"https:\/\/jornadapedagogica.educacao.ba.gov.br\/\" target=\"_blank\" rel=\"noopener\"><strong>Jornada Pedag\u00f3gica<\/strong><\/a>.<\/span><\/li>\n<\/ul>\n<p><span style=\"font-size: 14pt;\">Fala do Coordenador <strong>Rom\u00e1rio Jorge<\/strong>;<\/span><\/p>\n<p><span style=\"font-size: 14pt;\">Fala da Professora <strong>Diana Neves<\/strong>, sobre educa\u00e7\u00e3o sustent\u00e1vel;<\/span><\/p>\n<p><span style=\"font-size: 14pt;\">Confer\u00eancia ao vivo:<\/span><\/p>\n<ul>\n<li><span style=\"font-size: 14pt;\">Participantes &#8211; <strong>Camila Amorim<\/strong> (mediadora)<\/span><\/li>\n<li><span style=\"font-size: 14pt;\">Secret\u00e1ria <a href=\"https:\/\/www.instagram.com\/rowennabrito\/\" target=\"_blank\" rel=\"noopener\"><strong>Rowenna Brito<\/strong><\/a> e do Governador <a href=\"https:\/\/www.instagram.com\/jeronimorodriguesba\/?hl=pt\" target=\"_blank\" rel=\"noopener\"><strong>Jer\u00f4nimo Rodrigues<\/strong><\/a>;<\/span><\/li>\n<li><span style=\"font-size: 14pt;\">Palestrante <a href=\"https:\/\/pt.wikipedia.org\/wiki\/Ailton_Krenak\" target=\"_blank\" rel=\"noopener\"><strong>Ailton Alves Lacerda Krenac<\/strong><\/a> \u2192 l\u00edder ind\u00edgena, fil\u00f3sofo, poeta, escritor brasileiro da etnia, ind\u00edgena krenaque e Imortal da <a href=\"https:\/\/www.academia.org.br\/\" target=\"_blank\" rel=\"noopener\"><strong>ABL.<\/strong><\/a><\/span><\/li>\n<\/ul>\n<p><a href=\"https:\/\/oliveiradosbrejinhos.com.br\/cetit\/wp-content\/uploads\/2025\/02\/040225-jp-programa2.png\" target=\"_blank\" rel=\"noopener\"><img loading=\"lazy\" decoding=\"async\" class=\"aligncenter wp-image-391\" src=\"https:\/\/oliveiradosbrejinhos.com.br\/cetit\/wp-content\/uploads\/2025\/02\/040225-jp-programa2.png\" alt=\"\" width=\"700\" height=\"500\" srcset=\"https:\/\/oliveiradosbrejinhos.com.br\/cetit\/wp-content\/uploads\/2025\/02\/040225-jp-programa2.png 741w, https:\/\/oliveiradosbrejinhos.com.br\/cetit\/wp-content\/uploads\/2025\/02\/040225-jp-programa2-300x214.png 300w, https:\/\/oliveiradosbrejinhos.com.br\/cetit\/wp-content\/uploads\/2025\/02\/040225-jp-programa2-360x257.png 360w\" sizes=\"auto, (max-width: 700px) 100vw, 700px\" \/><\/a><\/p>\n<hr>\n<h4>05\/02\/2025 &#8211; Terceiro Dia<\/h4>\n<p><a href=\"https:\/\/oliveiradosbrejinhos.com.br\/cetit\/wp-content\/uploads\/2025\/02\/050225-jp-jornada3.png\" target=\"_blank\" rel=\"noopener\"><img loading=\"lazy\" decoding=\"async\" class=\"aligncenter wp-image-392\" src=\"https:\/\/oliveiradosbrejinhos.com.br\/cetit\/wp-content\/uploads\/2025\/02\/050225-jp-jornada3.png\" alt=\"\" width=\"700\" height=\"442\" srcset=\"https:\/\/oliveiradosbrejinhos.com.br\/cetit\/wp-content\/uploads\/2025\/02\/050225-jp-jornada3.png 743w, https:\/\/oliveiradosbrejinhos.com.br\/cetit\/wp-content\/uploads\/2025\/02\/050225-jp-jornada3-300x189.png 300w, https:\/\/oliveiradosbrejinhos.com.br\/cetit\/wp-content\/uploads\/2025\/02\/050225-jp-jornada3-360x227.png 360w\" sizes=\"auto, (max-width: 700px) 100vw, 700px\" \/><\/a><\/p>\n<hr>\n<h4>06\/02\/2025 &#8211; Quarto Dia<\/h4>\n<p><img loading=\"lazy\" decoding=\"async\" class=\"aligncenter wp-image-393\" src=\"https:\/\/oliveiradosbrejinhos.com.br\/cetit\/wp-content\/uploads\/2025\/02\/060225-jp-programa4.png\" alt=\"\" width=\"700\" height=\"334\" srcset=\"https:\/\/oliveiradosbrejinhos.com.br\/cetit\/wp-content\/uploads\/2025\/02\/060225-jp-programa4.png 741w, https:\/\/oliveiradosbrejinhos.com.br\/cetit\/wp-content\/uploads\/2025\/02\/060225-jp-programa4-300x143.png 300w, https:\/\/oliveiradosbrejinhos.com.br\/cetit\/wp-content\/uploads\/2025\/02\/060225-jp-programa4-360x172.png 360w\" sizes=\"auto, (max-width: 700px) 100vw, 700px\" \/><\/p>\n<p><span style=\"font-size: 14pt;\"><strong>In\u00edcio: 08h<\/strong><\/span><\/p>\n<p><span style=\"font-size: 14pt;\">Seguindo a programa\u00e7\u00e3o da SEC, foram apresentados os itens constantes na instru\u00e7\u00e3o.<\/span><\/p>\n<p><span style=\"font-size: 14pt;\">Na sequ\u00eancia, foram dadas orienta\u00e7\u00f5es sobre a composi\u00e7\u00e3o dos planejamentos de curso e de aula, tendo o grupo de professores, sob orienta\u00e7\u00e3o do coordenador, dado in\u00edcio aos planos de curso por \u00e1rea de conhecimento, al\u00e9m de tratar tamb\u00e9m de cada componente curricular de modo espec\u00edfico. Assim seguiu-se durante todo o dia, tendo o grupo considerado proveitoso.<\/span><\/p>\n<p><span style=\"font-size: 14pt;\"><strong>07\/02\/2025 &#8211; Quinto Dia<\/strong><\/span><\/p>\n<p><a href=\"https:\/\/oliveiradosbrejinhos.com.br\/cetit\/wp-content\/uploads\/2025\/02\/070225-jp-quintodia.png\" target=\"_blank\" rel=\"noopener\"><img loading=\"lazy\" decoding=\"async\" class=\"aligncenter wp-image-420\" src=\"https:\/\/oliveiradosbrejinhos.com.br\/cetit\/wp-content\/uploads\/2025\/02\/070225-jp-quintodia.png\" alt=\"\" width=\"700\" height=\"366\" srcset=\"https:\/\/oliveiradosbrejinhos.com.br\/cetit\/wp-content\/uploads\/2025\/02\/070225-jp-quintodia.png 746w, https:\/\/oliveiradosbrejinhos.com.br\/cetit\/wp-content\/uploads\/2025\/02\/070225-jp-quintodia-300x157.png 300w, https:\/\/oliveiradosbrejinhos.com.br\/cetit\/wp-content\/uploads\/2025\/02\/070225-jp-quintodia-360x188.png 360w\" sizes=\"auto, (max-width: 700px) 100vw, 700px\" \/><\/a><\/p>\n<p><strong><span style=\"font-size: 14pt;\">In\u00edcio: 08h<\/span><\/strong><\/p>\n<p><span style=\"font-size: 14pt;\">Ap\u00f3s as devidas considera\u00e7\u00f5es iniciais, com informa\u00e7\u00f5es relevantes sobre o PPP &#8211; Projeto Pol\u00edtico-pedag\u00f3gico &#8211; da unidade escolar, seguiu-se o constante na instru\u00e7\u00e3o do dia, com os planejamentos por componente curricular e in\u00edcio dos planejamentos de aula.<\/span><\/p>\n<p><span style=\"font-size: 14pt;\">Ap\u00f3s uma semana de trabalhos intensos, o CETIT deu por encerrada a Jornada Pedag\u00f3gica 2025.<\/span><\/p>\n<h4><span style=\"text-decoration: underline;\"><span style=\"font-size: 14pt;\">Galeria<\/span><\/span><\/h4>\n<div id='gallery-1' class='gallery galleryid-375 gallery-columns-3 gallery-size-thumbnail'><figure class='gallery-item'>\n\t\t\t<div class='gallery-icon landscape'>\n\t\t\t\t<a href='https:\/\/oliveiradosbrejinhos.com.br\/cetit\/jornada-pedagorica-2025\/040525_jornada_pedagogica\/'><img loading=\"lazy\" decoding=\"async\" width=\"150\" height=\"150\" src=\"https:\/\/oliveiradosbrejinhos.com.br\/cetit\/wp-content\/uploads\/2025\/02\/040525_jornada_pedagogica-150x150.png\" class=\"attachment-thumbnail size-thumbnail\" alt=\"\" srcset=\"https:\/\/oliveiradosbrejinhos.com.br\/cetit\/wp-content\/uploads\/2025\/02\/040525_jornada_pedagogica-150x150.png 150w, https:\/\/oliveiradosbrejinhos.com.br\/cetit\/wp-content\/uploads\/2025\/02\/040525_jornada_pedagogica-45x45.png 45w\" sizes=\"auto, (max-width: 150px) 100vw, 150px\" \/><\/a>\n\t\t\t<\/div><\/figure><figure class='gallery-item'>\n\t\t\t<div class='gallery-icon landscape'>\n\t\t\t\t<a href='https:\/\/oliveiradosbrejinhos.com.br\/cetit\/jornada-pedagorica-2025\/030225_jp_programacao1\/'><img loading=\"lazy\" decoding=\"async\" width=\"150\" height=\"150\" src=\"https:\/\/oliveiradosbrejinhos.com.br\/cetit\/wp-content\/uploads\/2025\/02\/030225_jp_programacao1-150x150.png\" class=\"attachment-thumbnail size-thumbnail\" alt=\"\" srcset=\"https:\/\/oliveiradosbrejinhos.com.br\/cetit\/wp-content\/uploads\/2025\/02\/030225_jp_programacao1-150x150.png 150w, https:\/\/oliveiradosbrejinhos.com.br\/cetit\/wp-content\/uploads\/2025\/02\/030225_jp_programacao1-45x45.png 45w\" sizes=\"auto, (max-width: 150px) 100vw, 150px\" \/><\/a>\n\t\t\t<\/div><\/figure><figure class='gallery-item'>\n\t\t\t<div class='gallery-icon landscape'>\n\t\t\t\t<a href='https:\/\/oliveiradosbrejinhos.com.br\/cetit\/jornada-pedagorica-2025\/040225-jp-programa2\/'><img loading=\"lazy\" decoding=\"async\" width=\"150\" height=\"150\" src=\"https:\/\/oliveiradosbrejinhos.com.br\/cetit\/wp-content\/uploads\/2025\/02\/040225-jp-programa2-150x150.png\" class=\"attachment-thumbnail size-thumbnail\" alt=\"\" srcset=\"https:\/\/oliveiradosbrejinhos.com.br\/cetit\/wp-content\/uploads\/2025\/02\/040225-jp-programa2-150x150.png 150w, https:\/\/oliveiradosbrejinhos.com.br\/cetit\/wp-content\/uploads\/2025\/02\/040225-jp-programa2-45x45.png 45w\" sizes=\"auto, (max-width: 150px) 100vw, 150px\" \/><\/a>\n\t\t\t<\/div><\/figure><figure class='gallery-item'>\n\t\t\t<div class='gallery-icon landscape'>\n\t\t\t\t<a href='https:\/\/oliveiradosbrejinhos.com.br\/cetit\/jornada-pedagorica-2025\/050225-jp-jornada3\/'><img loading=\"lazy\" decoding=\"async\" width=\"150\" height=\"150\" src=\"https:\/\/oliveiradosbrejinhos.com.br\/cetit\/wp-content\/uploads\/2025\/02\/050225-jp-jornada3-150x150.png\" class=\"attachment-thumbnail size-thumbnail\" alt=\"\" srcset=\"https:\/\/oliveiradosbrejinhos.com.br\/cetit\/wp-content\/uploads\/2025\/02\/050225-jp-jornada3-150x150.png 150w, https:\/\/oliveiradosbrejinhos.com.br\/cetit\/wp-content\/uploads\/2025\/02\/050225-jp-jornada3-45x45.png 45w\" sizes=\"auto, (max-width: 150px) 100vw, 150px\" \/><\/a>\n\t\t\t<\/div><\/figure><figure class='gallery-item'>\n\t\t\t<div class='gallery-icon landscape'>\n\t\t\t\t<a href='https:\/\/oliveiradosbrejinhos.com.br\/cetit\/jornada-pedagorica-2025\/060225-jp-programa4\/'><img loading=\"lazy\" decoding=\"async\" width=\"150\" height=\"150\" src=\"https:\/\/oliveiradosbrejinhos.com.br\/cetit\/wp-content\/uploads\/2025\/02\/060225-jp-programa4-150x150.png\" class=\"attachment-thumbnail size-thumbnail\" alt=\"\" srcset=\"https:\/\/oliveiradosbrejinhos.com.br\/cetit\/wp-content\/uploads\/2025\/02\/060225-jp-programa4-150x150.png 150w, https:\/\/oliveiradosbrejinhos.com.br\/cetit\/wp-content\/uploads\/2025\/02\/060225-jp-programa4-45x45.png 45w\" sizes=\"auto, (max-width: 150px) 100vw, 150px\" \/><\/a>\n\t\t\t<\/div><\/figure><figure class='gallery-item'>\n\t\t\t<div class='gallery-icon landscape'>\n\t\t\t\t<a href='https:\/\/oliveiradosbrejinhos.com.br\/cetit\/jornada-pedagorica-2025\/070225-jp-quintodia\/'><img loading=\"lazy\" decoding=\"async\" width=\"150\" height=\"150\" src=\"https:\/\/oliveiradosbrejinhos.com.br\/cetit\/wp-content\/uploads\/2025\/02\/070225-jp-quintodia-150x150.png\" class=\"attachment-thumbnail size-thumbnail\" alt=\"\" srcset=\"https:\/\/oliveiradosbrejinhos.com.br\/cetit\/wp-content\/uploads\/2025\/02\/070225-jp-quintodia-150x150.png 150w, https:\/\/oliveiradosbrejinhos.com.br\/cetit\/wp-content\/uploads\/2025\/02\/070225-jp-quintodia-45x45.png 45w\" sizes=\"auto, (max-width: 150px) 100vw, 150px\" \/><\/a>\n\t\t\t<\/div><\/figure><figure class='gallery-item'>\n\t\t\t<div class='gallery-icon landscape'>\n\t\t\t\t<a href='https:\/\/oliveiradosbrejinhos.com.br\/cetit\/jornada-pedagorica-2025\/unity-lens-photos\/'><img loading=\"lazy\" decoding=\"async\" width=\"150\" height=\"150\" src=\"https:\/\/oliveiradosbrejinhos.com.br\/cetit\/wp-content\/uploads\/2025\/02\/unity-lens-photos-150x150.png\" class=\"attachment-thumbnail size-thumbnail\" alt=\"\" srcset=\"https:\/\/oliveiradosbrejinhos.com.br\/cetit\/wp-content\/uploads\/2025\/02\/unity-lens-photos-150x150.png 150w, https:\/\/oliveiradosbrejinhos.com.br\/cetit\/wp-content\/uploads\/2025\/02\/unity-lens-photos-45x45.png 45w, https:\/\/oliveiradosbrejinhos.com.br\/cetit\/wp-content\/uploads\/2025\/02\/unity-lens-photos.png 192w\" sizes=\"auto, (max-width: 150px) 100vw, 150px\" \/><\/a>\n\t\t\t<\/div><\/figure><figure class='gallery-item'>\n\t\t\t<div class='gallery-icon landscape'>\n\t\t\t\t<a href='https:\/\/oliveiradosbrejinhos.com.br\/cetit\/jornada-pedagorica-2025\/010125-calendario-escolar-2\/'><img loading=\"lazy\" decoding=\"async\" width=\"150\" height=\"150\" src=\"https:\/\/oliveiradosbrejinhos.com.br\/cetit\/wp-content\/uploads\/2025\/02\/010125-calendario-escolar-150x150.jpg\" class=\"attachment-thumbnail size-thumbnail\" alt=\"\" srcset=\"https:\/\/oliveiradosbrejinhos.com.br\/cetit\/wp-content\/uploads\/2025\/02\/010125-calendario-escolar-150x150.jpg 150w, https:\/\/oliveiradosbrejinhos.com.br\/cetit\/wp-content\/uploads\/2025\/02\/010125-calendario-escolar-45x45.jpg 45w\" sizes=\"auto, (max-width: 150px) 100vw, 150px\" \/><\/a>\n\t\t\t<\/div><\/figure>\n\t\t<\/div>\n\n","protected":false},"excerpt":{"rendered":"<p>\u21d2 VISITE NOSSA GALERIA DE FOTOS \u21d0 A Secretaria da Educa\u00e7\u00e3o do Estado da Bahia realiza neste semana, de 03 a 07 de fevereiro de 2025, a Jornada Pedag\u00f3gica, como prepara\u00e7\u00e3o para este ano letivo. Jornada Pedag\u00f3gica 2025 Programa\u00e7\u00e3o da <a href=\"https:\/\/oliveiradosbrejinhos.com.br\/cetit\/jornada-pedagorica-2025\/\" class=\"read-more\">Leia mais &#8230;<\/a><\/p>\n","protected":false},"author":1,"featured_media":0,"parent":0,"menu_order":0,"comment_status":"closed","ping_status":"closed","template":"","meta":{"ngg_post_thumbnail":0,"footnotes":""},"categories":[7,25,17],"class_list":["post-375","page","type-page","status-publish","hentry","category-agendapedagogica","category-coordenacao","category-eventos"],"_links":{"self":[{"href":"https:\/\/oliveiradosbrejinhos.com.br\/cetit\/wp-json\/wp\/v2\/pages\/375","targetHints":{"allow":["GET"]}}],"collection":[{"href":"https:\/\/oliveiradosbrejinhos.com.br\/cetit\/wp-json\/wp\/v2\/pages"}],"about":[{"href":"https:\/\/oliveiradosbrejinhos.com.br\/cetit\/wp-json\/wp\/v2\/types\/page"}],"author":[{"embeddable":true,"href":"https:\/\/oliveiradosbrejinhos.com.br\/cetit\/wp-json\/wp\/v2\/users\/1"}],"replies":[{"embeddable":true,"href":"https:\/\/oliveiradosbrejinhos.com.br\/cetit\/wp-json\/wp\/v2\/comments?post=375"}],"version-history":[{"count":37,"href":"https:\/\/oliveiradosbrejinhos.com.br\/cetit\/wp-json\/wp\/v2\/pages\/375\/revisions"}],"predecessor-version":[{"id":462,"href":"https:\/\/oliveiradosbrejinhos.com.br\/cetit\/wp-json\/wp\/v2\/pages\/375\/revisions\/462"}],"wp:attachment":[{"href":"https:\/\/oliveiradosbrejinhos.com.br\/cetit\/wp-json\/wp\/v2\/media?parent=375"}],"wp:term":[{"taxonomy":"category","embeddable":true,"href":"https:\/\/oliveiradosbrejinhos.com.br\/cetit\/wp-json\/wp\/v2\/categories?post=375"}],"curies":[{"name":"wp","href":"https:\/\/api.w.org\/{rel}","templated":true}]}}